2
Suppose -5*f = 20 + 5. Let q(j) = -7 + 7 + 7 - j**2 - 3*j - 4*j. What is the units digit of q(f)?
7
Suppose -2*b - 3*n + 5047 = 0, -16436 = -5*b - 5*n - 3821. What is the tens digit of b?
2
Let c(j) = -12*j**3 - 10*j**2 + 10*j - 4. Let t(x) = -4 + 40*x**2 - 8*x**3 + 7*x - 47*x**2 + 1. Let i(z) = -5*c(z) + 7*t(z). What is the units digit of i(2)?
3
Let p be 13*4 + (-5 - -1 - -6). Suppose -5*f + 2*f = -5*y + 293, -4*f + p = y. What is the units digit of y?
8
Let x = 627 + -285. Suppose -4*k + 0*c = -5*c - x, -4*k = -2*c - 348. What is the tens digit of k?
8
Suppose -g - a + 4623 = -6*a, -9237 = -2*g + a. What is the units digit of g?
8
Let m(l) = 12*l - 24. Let b be m(12). Let u = b - 35. What is the units digit of u?
5
Suppose 3*g - 112 = 2*k, 0*k = g - 4*k - 44. Let p = 101 - 42. Let u = p - g. What is the units digit of u?
3
Let j(a) be the second derivative of 5*a**4/6 - a**2 + 3*a. Suppose -23 = -6*p - 11. What is the units digit of j(p)?
8
Suppose 32*w = 39*w - 7154. What is the thousands digit of w?
1
Let t = -7264 - -11131. What is the tens digit of t?
6
Let p(m) = 3*m**2 + 3*m + 47. What is the hundreds digit of p(14)?
6
Let l(h) = -32*h + 1. Let o be l(-1). Let k be 44/o - 2/(-3). Suppose 150 - 8 = k*p. What is the units digit of p?
1
Suppose -12 = -12*u + 8*u + 2*q, -4*u = -q - 8. Suppose -2*n = 54 - 12. What is the units digit of (32/(-12))/(u/n)?
6
Suppose 0 = -3*n + 38 + 49. Suppose 21*b = 22*b - n. What is the units digit of b?
9
What is the tens digit of (6 - (-30 + 3)) + 0?
3
Suppose -6*d + 9*d - 1140 = 0. Let g be ((-3)/4)/((-19)/d). Suppose -3*t + t = -3*n - 25, 2*t - n = g. What is the units digit of t?
5
Let a be ((-8)/5)/(20/(-50)). Suppose -i + 4*i - 1 = -4*h, 0 = 5*i + h + a. Let z(d) = -42*d. What is the units digit of z(i)?
2
Let n be (-13 + 11)/((-1)/(-6)). What is the tens digit of (n/18)/(1/(-147)) + 4?
0
Suppose -17*y = -25*y. Let z(b) = -b**2 + 5*b + 10. Let l(r) = -r. Let w(h) = 5*l(h) + z(h). What is the tens digit of w(y)?
1
Let p(a) = a**3 + 8*a**2 + 4. Let n be p(-8). Suppose -n*v + 5*q = 35, v - 5*q - 10 = -0*q. What is the units digit of 6/v - 516/(-15)?
4
Suppose 0 = o - 260 + 16. What is the units digit of (-2 + 3)/(4/o)?
1
Let x(d) = -352*d. Let o be x(-1). Suppose -o = -4*t - 5*m + 293, -2*m - 300 = -2*t. Suppose -4*l = -t - 41. What is the tens digit of l?
4
Suppose 19 = 5*l + 9. Suppose -3*j - 46 = -6*j - 2*d, -l*d = -10. What is the tens digit of j?
1
Let a(q) = -q**3 - 6*q**2 - q + 3. Let p be a(-6). Suppose 0 = 3*m - p. Suppose -m*w + 8*w - 140 = 0. What is the tens digit of w?
2
Let j = 23 + -21. Let a be 254/9 - j/9. What is the units digit of 2/(a/(-8) + 4)?
4
Suppose 108*g = 107*g + 1200. Suppose -13*f = 2*f - g. What is the units digit of f?
0
Suppose 5*d = -15, -3*a + 2*d = -0*d - 828. What is the units digit of a?
4
Suppose -4*c - 6 = -6*c. Suppose 0 = 2*u - 3*k + c + 6, -u - 15 = -5*k. What is the units digit of 1*13*(2 - u)?
6
Let q = -4 - -9. Suppose -505 = -0*a + q*a. Let j = -48 - a. What is the units digit of j?
3
Suppose -3*p - 42 = -0*p - 3*h, -h = -2. Let q be p/15*30/(-12). Suppose y + q*y - 45 = 0. What is the tens digit of y?
1
Let c(x) = -2*x**2 - 67*x + 113. What is the hundreds digit of c(-28)?
4
Let u(l) = 7*l**3 + 2*l**3 + 12*l - 6*l**2 - 17 - 8*l**3. What is the tens digit of u(7)?
1
What is the units digit of (-16)/14 + 69575/161?
1
Let g = 42 + 1044. What is the units digit of g?
6
Let d be (10 - 3) + 2 + (-6)/(-2). What is the tens digit of ((-120)/9)/(-4)*d?
4
Let j be 4*(2/(-10))/(12/(-45)). Suppose 2*q = 2*n + j*n + 154, -3*n - 240 = -3*q. What is the units digit of q?
2
Let i(y) be the second derivative of -7*y**3/2 - y**2/2 + 14*y. What is the tens digit of i(-5)?
0
Suppose -x + 556 = -5*x. Let y = x - -285. What is the units digit of y?
6
Let u be 16 + -8 + (-16)/(-4). Let t = -15 + 61. Suppose -u = 3*y, -5*b + t = 2*y - y. What is the tens digit of b?
1
Let s be 9/15*(-8)/((-16)/390). Let a = 230 - s. What is the hundreds digit of a?
1
Let p(s) = 2*s - 36. Let g be p(24). Suppose -9*v + g*v = 387. What is the units digit of v?
9
Let o(t) = -t**3 - 3*t**2 - 2. Let s be o(-4). Suppose -2*q = -14 - s. Suppose -5*j + 65 = -3*f - q, 5*j - 82 = 4*f. What is the units digit of j?
4
Suppose -3*l + s = 46 - 2, 3*l + 40 = 2*s. What is the units digit of 2 - 3 - (l - 1/1)?
6
Suppose -20 = -5*n - 2*k, 4*n + 5*k = -1 + 34. Suppose -n*q - 407 = -5*v, 4*v + 99 = 5*v + 4*q. What is the units digit of v?
3
What is the units digit of 3356/28 + (-54)/63?
9
Let k = -108 + 154. Suppose 2*a - 3*o - k = -0*a, -2*a - 3*o = -58. What is the tens digit of a?
2
Let y(o) = -942*o - 429. What is the units digit of y(-6)?
3
Suppose 2*m = 4*a + 602, -4*a = 14 - 6. What is the hundreds digit of m?
2
Suppose -4*d = -2*k - 3214, 5*d + k - 3248 = 780. What is the tens digit of d?
0
Let y = 221 - 112. What is the hundreds digit of y?
1
Let m be 7 + -5 - (-1 + 3). Suppose m = -0*s - 5*s + 15. What is the tens digit of 2/4*(s - -115)?
5
Suppose 0 = 3*w - 2 - 4. Suppose 2*u = u - 5*b + 5, w*u + 20 = 5*b. What is the tens digit of (-2 - u) + 27 + 0?
3
Suppose -4*k - 3*n = -604, k = 2*k - 2*n - 140. Suppose -3*t + 173 = -k. What is the hundreds digit of t?
1
Let c(o) = -43*o**3 + 2*o**2 + o. Let s be c(-1). Suppose -r = u - s, -4*u + 128 = 5*r - 92. What is the tens digit of r?
4
Let t be (5/10)/((-3)/(-2940)). Suppose 3*q = 2*a + 364, -4*q - 5*a = -3*a - t. Suppose 4*i + 3*z = q, -2*z + 74 = 2*i - 7*z. What is the tens digit of i?
3
Let f be (-5 + 4)/(2/(-50)). Let v be 63/(-5) - 3/(-5). Let x = f + v. What is the units digit of x?
3
Let y = 276 - 232. What is the units digit of y?
4
Let m = -5 + 8. What is the hundreds digit of ((-546)/56)/(m/(-52))?
1
Let m be 10/40 + 450/24. Let u(t) = t**3 - 2*t**2 - 3*t + 1. Let n be u(3). Let f = n + m. What is the tens digit of f?
2
Let f(m) = -m**3 - 8*m**2 + 8*m - 7. Let i be f(-9). Suppose p + p - 529 = 5*u, -520 = -i*p + 2*u. What is the units digit of p?
7
Let o = 8625 - 3871. What is the units digit of o?
4
Let s(a) = a**3 - 9*a**2 - 18*a + 28. Let i be 1/(-4) - (-49)/4. What is the hundreds digit of s(i)?
2
Suppose -327 = -4*n - 5*i, 2*n - 6*i = -i + 141. What is the tens digit of n?
7
Let j(d) = -d**2 + 9*d - 5. Let m be j(8). Suppose 0*a + a - m*s - 108 = 0, -5*s = 20. What is the units digit of a?
6
Let x(b) = -3*b - 18. Let u = -9 - -1. Let n be x(u). Suppose n*a - 92 = 4*a. What is the units digit of a?
6
Let d be (-2)/(3/1 + -4). What is the tens digit of (d/4)/(1/92)?
4
Let y(p) = 14*p**3 + 2*p**2 + 2*p + 1. Let o be y(-1). What is the units digit of (-245)/o - (-10)/65?
9
Let s = -3541 + 6503. What is the tens digit of s?
6
Let h(w) = w**2 - w - 1. Let k(z) = 3*z**2 + 14*z + 23. Let o(n) = 2*h(n) - k(n). What is the tens digit of o(-10)?
3
Suppose 2*u + o + 3 = 118, 3*u + 4*o - 165 = 0. Let z = -32 + u. Suppose 0 = -4*k, -5*g + z = -4*g + 3*k. What is the units digit of g?
7
Let a(d) be the third derivative of d**6/120 + 17*d**5/60 + 13*d**4/24 + 7*d**3/3 - 6*d**2. What is the units digit of a(-16)?
2
Let i(f) = 5*f - 1. Let j be i(3). Suppose 8 = 2*o - j. Let t = o + 21. What is the tens digit of t?
3
Suppose -s - 20 - 11 = -2*o, -16 = s + o. Let d be 1/(-4) - s/4. Suppose 4*r = d*b + 5*r - 110, -3*b - 3*r + 78 = 0. What is the units digit of b?
1
Let v(c) = -c**3 + 59*c**2 + 54*c + 19. What is the thousands digit of v(59)?
3
Let m(o) be the third derivative of 1/60*o**5 + 0 + o**2 + 0*o + 13/24*o**4 + 8/3*o**3. What is the units digit of m(-12)?
4
Let o be (3 + 13/(-1))*8/(-10). Suppose -o*i + 1722 = 162. What is the tens digit of i?
9
Suppose -b + d = -4*d - 238, 779 = 3*b - 2*d. What is the units digit of b?
3
Suppose -d + 5*m = -1696, -7 = -m - 2. What is the hundreds digit of d?
7
Suppose 2*u = -w - 60, -5*w = 4*u + 20 + 256. Let k = w + 161. What is the hundreds digit of k?
1
Suppose -4*w = -17 - 35. Let c = 42 - w. What is the tens digit of c?
2
Let q(u) be the second derivative of u**4/12 - 7*u**3/6 - 5*u**2 - 2*u - 15. Let w = -21 + 30. What is the units digit of q(w)?
8
Let t be 4/(-10) - 192/(-30). What is the units digit of ((-124)/8)/((-3)/t)?
1
Suppose -4*d + 2394 = -6462. What is the tens digit of d?
1
Let a(n) = 369*n + 160. 